36935?
3, 5, 17, 179
List the prime factors of 281.
281
What are the prime factors of 103704?
2, 3, 29, 149
List the prime factors of 459.
3, 17
What are the prime factors of 29363?
29363
List the prime factors of 2384.
2, 149
What are the prime factors of 18?
2, 3
List the prime factors of 2320.
2, 5, 29
List the prime factors of 57440.
2, 5, 359
What are the prime factors of 2338?
2, 7, 167
List the prime factors of 3159.
3, 13
What are the prime factors of 24322?
2, 12161
List the prime factors of 3754.
2, 1877
List the prime factors of 372.
2, 3, 31
What are the prime factors of 299?
13, 23
List the prime factors of 1446.
2, 3, 241
What are the prime factors of 82822?
2, 41411
What are the prime factors of 35042?
2, 7, 2503
What are the prime factors of 1026?
2, 3, 19
List the prime factors of 386.
2, 193
List the prime factors of 295.
5, 59
What are the prime factors of 1050?
2, 3, 5, 7
What are the prime factors of 1701?
3, 7
What are the prime factors of 7617?
3, 2539
What are the prime factors of 560?
2, 5, 7
List the prime factors of 5933.
17, 349
List the prime factors of 4137.
3, 7, 197
List the prime factors of 46654.
2, 23327
List the prime factors of 10585.
5, 29, 73
List the prime factors of 6119.
29, 211
What are the prime factors of 20019?
3, 6673
List the prime factors of 414.
2, 3, 23
List the prime factors of 4697.
7, 11, 61
List the prime factors of 5621.
7, 11, 73
List the prime factors of 99345.
3, 5, 37, 179
List the prime factors of 35969.
35969
What are the prime factors of 9057?
3, 3019
List the prime factors of 12840.
2, 3, 5, 107
List the prime factors of 1009.
1009
List the prime factors of 28263.
3, 9421
What are the prime factors of 23226?
2, 3, 7, 79
What are the prime factors of 1238?
2, 619
List the prime factors of 2723.
7, 389
List the prime factors of 253.
11, 23
List the prime factors of 2506.
2, 7, 179
What are the prime factors of 1311?
3, 19, 23
List the prime factors of 1994.
2, 997
List the prime factors of 140934.
2, 3, 83, 283
What are the prime factors of 1539?
3, 19
List the prime factors of 6451.
6451
What are the prime factors of 3491?
3491
What are the prime factors of 1542?
2, 3, 257
What are the prime factors of 254?
2, 127
List the prime factors of 104094.
2, 3, 5783
List the prime factors of 3453.
3, 1151
List the prime factors of 1822.
2, 911
List the prime factors of 845.
5, 13
What are the prime factors of 112?
2, 7
List the prime factors of 4307.
59, 73
List the prime factors of 50272.
2, 1571
What are the prime factors of 1707?
3, 569
List the prime factors of 30582.
2, 3, 1699
What are the prime factors of 434?
2, 7, 31
What are the prime factors of 110066?
2, 11, 5003
What are the prime factors of 2947?
7, 421
List the prime factors of 8051.
83, 97
What are the prime factors of 53065?
5, 10613
List the prime factors of 15639.
3, 13, 401
List the prime factors of 16060.
2, 5, 11, 73
What are the prime factors of 490?
2, 5, 7
What are the prime factors of 17584?
2, 7, 157
What are the prime factors of 587?
587
List the prime factors of 461.
461
What are the prime factors of 7677?
3, 853
What are the prime factors of 41832?
2, 3, 7, 83
List the prime factors of 998.
2, 499
List the prime factors of 130253.
130253
List the prime factors of 649.
11, 59
List the prime factors of 2545.
5, 509
List the prime factors of 11692.
2, 37, 79
List the prime factors of 66192.
2, 3, 7, 197
List the prime factors of 1723.
1723
List the prime factors of 1744.
2, 109
What are the prime factors of 11354?
2, 7, 811
List the prime factors of 476.
2, 7, 17
What are the prime factors of 8870?
2, 5, 887
What are the prime factors of 263?
263
List the prime factors of 376.
2, 47
What are the prime factors of 1393?
7, 199
List the prime factors of 1295.
5, 7, 37
List the prime factors of 31486.
2, 7, 13, 173
What are the prime factors of 10113?
3, 3371
List the prime factors of 2288.
2, 11, 13
List the prime factors of 31918.
2, 15959
List the prime factors of 172.
2, 43
List the prime factors of 919.
919
List the prime factors of 100009.
7, 13, 157
List the prime factors of 2573.
31, 83
List the prime factors of 1790.
2, 5, 179
What are the prime factors of 12129?
3, 13, 311
What are the prime factors of 3122?
2, 7, 223
What are the prime factors of 19570?
2, 5, 19, 103
What are the prime factors of 101556?
2, 3, 7, 13, 31
What are the prime factors of 1456?
2, 7, 13
List the prime factors of 90.
2, 3, 5
List the prime factors of 4121.
13, 317
What are the prime factors of 6653?
6653
What are the prime factors of 3577?
7, 73
List the prime factors of 40512.
2, 3, 211
List the prime factors of 1107.
3, 41
What are the prime factors of 337?
337
List the prime factors of 51696.
2, 3, 359
List the prime factors of 15598.
2, 11, 709
List the prime factors of 30545.
5, 41, 149
What are the prime factors of 35412?
2, 3, 13, 227
List the prime factors of 1408.
2, 11
List the prime factors of 21134.
2, 10567
List the prime factors of 462.
2, 3, 7, 11
What are the prime factors of 105129?
3, 11681
List the prime factors of 1291.
1291
List the prime factors of 26873.
7, 11, 349
What are the prime factors of 60442?
2, 47, 643
What are the prime factors of 2966?
2, 1483
List the prime factors of 2722.
2, 1361
List the prime factors of 10103.
10103
What are the prime factors of 783?
3, 29
List the prime factors of 148800.
2, 3, 5, 31
List the prime factors of 15284.
2, 3821
List the prime factors of 2926.
2, 7, 11, 19
List the prime factors of 1327.
1327
What are the prime factors of 1942?
2, 971
List the prime factors of 1796.
2, 449
List the prime factors of 11276.
2, 2819
List the prime factors of 1850.
2, 5, 37
What are the prime factors of 2018?
2, 1009
List the prime factors of 1622.
2, 811
List the prime factors of 124689.
3, 89, 467
What are the prime factors of 158?
2, 79
List the prime factors of 22399.
13, 1723
What are the prime factors of 146535?
3, 5, 9769
List the prime factors of 23704.
2, 2963
What are the prime factors of 1774?
2, 887
List the prime factors of 29959.
29959
List the prime factors of 6208.
2, 97
List the prime factors of 2668.
2, 23, 29
What are the prime factors of 2938?
2, 13, 113
What are the prime factors of 100367?
167, 601
What are the prime factors of 7006?
2, 31, 113
What are the prime factors of 13120?
2, 5, 41
What are the prime factors of 1494?
2, 3, 83
What are the prime factors of 1543?
1543
What are the prime factors of 41928?
2, 3, 1747
What are the prime factors of 41720?
2, 5, 7, 149
What are the prime factors of 14298?
2, 3, 2383
List the prime factors of 5231.
5231
List the prime factors of 76788.
2, 3, 79
List the prime factors of 3016.
2, 13, 29
List the prime factors of 1241.
17, 73
What are the prime factors of 972?
2, 3
What are the prime factors of 29488?
2, 19, 97
What are the prime factors of 57877?
31, 1867
What are the prime factors of 149107?
7, 17, 179
List the prime factors of 2283.
3, 761
What are the prime factors of 46139?
29, 37, 43
What are the prime factors of 698?
2, 349
What are the prime factors of 97938?
2, 3, 5441
What are the prime factors of 3025?
5, 11
List the prime factors of 29355.
3, 5, 19, 103
List the prime factors of 2845.
5, 569
What are the prime factors of 10572?
2, 3, 881
List the prime factors of 659.
659
List the prime factors of 105061.
11, 9551
What are the prime factors of 84900?
2, 3, 5, 283
List the prime factors of 2530.
2, 5, 11, 23
What are the prime factors of 56978?
2, 31, 919
List the prime factors of 10775.
5, 431
What are the prime factors of 1039?
1039
What are the prime factors of 78?
2, 3, 13
What are the prime factors of 173?
173
List the prime factors of 9049.
9049
What are the prime factors of 1782?
2, 3, 11
What are the prime factors of 3427?
23, 149
List the prime factors of 2459.
2459
What are the prime factors of 9?
3
List the prime factors of 992.
2, 31
List the prime factors of 80.
2, 5
What are the prime factors of 483?
3, 7, 23
List the prime factors of 1751.
17, 103
List the prime factors of 328.
2, 41
List the prime factors of 80058.
2, 3, 11, 1213
List the prime factors of 465.
3, 5, 31
List the prime factors of 2415.
3, 5, 7, 23
List the prime factors of 170500.
2, 5, 11, 31
What are the prime fac